 + 3*d**3 + 2*d - 14*d**2 + 8*d**2. Give k(z).
2
Let k = 260 - 252. Let y(u) = u**3 - 8*u**2 - u + 5. Calculate y(k).
-3
Let t(g) be the first derivative of 7/3*g**3 - 8*g - 3 + 1/4*g**4 + 3/2*g**2. Suppose y + 17 = -2*p, -1 = 2*p - 2*y + 1. Calculate t(p).
10
Suppose -7 = -2*k + 3*w + 8, 0 = -3*k - 2*w + 16. Let j(x) be the first derivative of -x**3/3 + 5*x**2/2 + x + 3. Give j(k).
-5
Let o = -4 + 9. Suppose -o = -5*u + 20. Let s(c) = -2 - 4*c + u - 2 + 0. Give s(2).
-7
Let w(q) be the first derivative of q**2 + 18*q + 509. Determine w(-14).
-10
Let o(u) = 29*u + 2. Let v(t) = -6*t - 1. Let s(q) = -o(q) - 4*v(q). What is s(1)?
-3
Let x(s) = s**2 - 5*s - 8. Let w be x(6). Let l = 232 - 229. Let o(c) = l*c - c**3 + 369 - 4*c - 368 - 3*c**2. What is o(w)?
-1
Let y(l) be the second derivative of -1/20*l**5 + 2/3*l**3 + l - 1/2*l**2 + 0 + 1/3*l**4. Suppose x + 22 = 4*a, 2*a + x + 5 = 13. Calculate y(a).
-6
Suppose z + 4 = -2*s - 2*z, 5*s - 4*z - 13 = 0. Let j = 97 + -94. Let q(n) = 3*n**3 - 2*n**j - s - 5*n**2 - n - 2*n**3. Give q(-5).
4
Let q(k) = 6*k. Let d(c) = -c**3 - 19*c**2 + c + 24. Let r be d(-19). What is q(r)?
30
Suppose 5*g = -b + 51, b + 5 - 12 = -g. Let c(x) = -10*x + 2 + g*x - 7. Give c(-6).
-11
Let m(u) = u**3 + 5*u**2 + 5*u + 6. Let n be m(-4). Let v(h) = 9*h - 10. Determine v(n).
8
Suppose -3 = -v - 3*g - 10, 0 = 5*v - 5*g - 25. Let a(x) = -x**2 + 0*x**3 - v*x**3 + 2*x + 2 + 0*x**2. Suppose -11*d - 6*d - 34 = 0. Determine a(d).
10
Suppose -3*n - 12 = 0, -5*n - 9 + 4 = 5*q. Suppose -5*x = w + w + 32, q*w + 22 = -x. Let m(o) = -2*o. Calculate m(w).
12
Let i be (2 - (2 - 2)) + 56/(-7). Let b(j) be the third derivative of j**4/24 + 2*j**3/3 + j**2. Give b(i).
-2
Let d be (-2)/6 + -3*4/(-9). Let u(t) be the third derivative of -t**5/30 + t**4/24 - t**3/6 + 7*t**2. Calculate u(d).
-2
Let f be 46/8 - 3/(-12). Let n(t) = -5 + 7*t**3 + f*t - 7*t**2 - 6*t**3 - 1. Let w(b) = -b**3 - b**2 - b + 6. Let v be w(0). Calculate n(v).
-6
Let d = -10 + 13. Suppose 2*g - 5 - d = 0. Let u(x) = 2*x + 3*x - x - 5*x - g. What is u(-5)?
1
Let z(d) = d - 3. Let i(w) = -15*w - 187. Let r be i(-12). Give z(r).
-10
Let x(z) = -z**3 + 14*z**2 - 3*z + 15. Let s = -499 + 513. What is x(s)?
-27
Let z(n) = -n**3 - 5*n**2 - n + 4. Let j(m) = m**2 - 7*m - 6. Let w be j(6). Let x be 9 + w - (2 - 0). Determine z(x).
9
Let a(l) = 0 - 4 - 3*l**3 + 4*l**3 + l**2 + 8*l - 9*l**2. Let v(b) = 3*b**3 - 23*b**2 + 23*b - 12. Let j = 7 + -4. Let h(s) = j*v(s) - 8*a(s). Calculate h(3).
-7
Let z = -1064 + 1067. Let a(s) be the first derivative of 7 + 3*s**2 - 4*s + 7/3*s**z + 1/4*s**4. What is a(-5)?
16
Let s(z) = z - 1. Suppose 0 = -9*g + 13 + 5. Suppose 0*o = -5*j - 5*o - 5, -4*o - 10 = -g*j. Determine s(j).
0
Let b = -42 - -83. Suppose -2*o + 37 = b. Let p(k) be the second derivative of -k**5/10 - k**4/12 + k. Calculate p(o).
12
Suppose -12 = 2*r + r + 4*l, r = 5*l + 15. Let c(t) = t - 2. Let i(k) = -k + 1. Let a(z) = -4*c(z) - 3*i(z). What is a(r)?
5
Let v(p) = 1. Let c = -19 + 20. Let q(h) be the second derivative of h**3/2 - 9*h**2 + 3*h. Let s(d) = c*q(d) + 15*v(d). Determine s(4).
9
Let m(o) = -o + 2. Let a(p) = -16*p + 18. Let i(h) = -2*a(h) + 18*m(h). Calculate i(-2).
-28
Let k(t) = 2 - 15 - 2*t + 8 + 6. Determine k(-2).
5
Let l(c) = -77 + 151 - 78 - c + 2*c. What is l(-4)?
-8
Suppose 0 = 4*c - 5*x + 43, 277*x = 5*c + 280*x + 63. Let q(a) = -a**2 - 11*a - 2. Calculate q(c).
-14
Suppose -25*x = -18*x - 140. Suppose -17*k = -x*k + 12. Let p(m) = -10*m + 5. What is p(k)?
-35
Let p(q) = -2*q**2 - 29*q + 10. Let m be p(-15). Let r(k) = -k**2 - 5*k - 2. Calculate r(m).
-2
Let u(r) = r**2 + 23*r + 4. Let b be 18/54*138/(-2). Give u(b).
4
Let q = -17 - -10. Let s(z) = -z + 2. Let m(n) = 2*n - 1. Let v(i) = 4*m(i) + 6*s(i). Let y be v(q). Let o(j) = -j**3 - 5*j**2 + 5*j. Calculate o(y).
6
Let f(v) = 8*v - 19*v + 9*v + 3*v + 11. What is f(-11)?
0
Let z(x) = -1782 + 884 - x + 888. Calculate z(8).
-18
Let w(j) = 2*j + 11. Let p be w(-5). Let d(s) be the first derivative of -s - 1 + 3/2*s**2. What is d(p)?
2
Let x(h) = -h**3 - 5*h**2 + 1. Let o(w) = 19*w**2 + 3*w + 5. Let m be o(-2). Let y = m - 80. Give x(y).
1
Let h(l) be the third derivative of l**5/6 - 5*l**4/12 + 5*l**3/3 + 14*l**2. Let a(g) = 3*g**2 - 3*g + 3. Let u(n) = -7*a(n) + 2*h(n). Determine u(-3).
-13
Let f be 9 + -1 + (11 - 11) - 9. Let p(k) be the first derivative of -2*k**3/3 + k**2/2 + k + 1. Give p(f).
-2
Let g(v) = 2*v - 2. Let n(w) = 21*w + 2 - 11*w - 11*w. Let x(p) = 4*g(p) + 6*n(p). Determine x(-5).
-6
Let d = -18 + 32. Let l(o) = o**2 - 13*o - 8. Let f be l(d). Let m(k) = -k**3 + 5*k**2 + 9*k - 5. What is m(f)?
13
Let w(q) be the second derivative of -4*q**5/5 + q**4/6 - q**3/6 - 80*q. Calculate w(1).
-15
Let f(a) = a**2 - 6*a - 12. Let v(l) = -2*l**2 + 12*l + 27. Let j(y) = -9*f(y) - 4*v(y). Suppose -4*z = 2 - 26. What is j(z)?
0
Let f(s) = 2*s**2 + 17 + 0 - 4*s**2 - 3 - 10 - 3*s. What is f(-3)?
-5
Let h(w) = 2*w**2 - 2*w - 3. Let j(b) = 2*b**2 + 9*b - 2. Suppose -3*n = -8*n - 25. Let l be j(n). Determine h(l).
9
Let z(t) = -2*t - 1 - 3 + t - t**2 + 7*t. Calculate z(7).
-11
Let p(c) = -c**2 + 7*c + 41. Let r be p(11). Let u(b) be the first derivative of -3*b**2/2 + 2*b + 2. Determine u(r).
11
Let r(i) = 562*i**2 + 14*i - 14 + 33 - 560*i**2. Determine r(-6).
7
Let v(k) be the third derivative of -k**6/120 + 2*k**5/15 - k**4/24 + 3*k**3/2 - k**2 - 18. Determine v(8).
1
Let a(b) = 6*b**3 + 18*b**2 - 5*b + 5. Let p(s) = -5*s**3 - 17*s**2 + 4*s - 5. Let o(f) = -4*a(f) - 5*p(f). Give o(-13).
5
Suppose 2*n + 4 + 3 = 5*b, 4*n - 25 = -3*b. Let f(a) = b*a - 1 + 3*a + 2*a - a**2. Calculate f(9).
-10
Let y(s) be the third derivative of -s**4/8 + 4*s**3/3 + 305*s**2. Calculate y(4).
-4
Let x = -5 + 9. Suppose 9 = x*d - 3. Let k(g) = -9*g + 4. What is k(d)?
-23
Let n be (3/1)/(6/(-4)). Let w(d) be the second derivative of d**5/30 + d**4/8 - 2*d**3 + 13*d. Let h(r) be the second derivative of w(r). Give h(n).
-5
Let q(g) = -g**3 + 4*g**2 + 6*g - 4. Let i = 21 - 14. Suppose i*l = 12*l - 15. Suppose -l*r + n = -19, n - 6*n - 20 = 0. What is q(r)?
1
Let k be (42/(-28))/(-3*(-2)/(-10)). Let n(g) be the second derivative of 0 - 5*g + 1/6*g**3 + k*g**2. Calculate n(5).
10
Let d(w) = w + 4. Let v(j) = j. Let c(u) = -d(u) + 2*v(u). Let y(g) = -g**3 + 4*g**2 + 11*g + 6. Let f be y(6). Give c(f).
-4
Suppose 0 = -3*n, 0 = l + l + 4*n - 10. Suppose l + 85 = -18*o. Let g(f) = f**3 + 5*f**2 + 2*f + 4. Determine g(o).
-6
Let a(o) = 5*o - 2. Suppose -2*y - 3*l = -16, -5*y - 10 = -18*l + 13*l. What is a(y)?
8
Let x(c) = c**2 + 5*c + 2. Suppose 0 = 23*l + 76 + 39. Determine x(l).
2
Let n = 365 + -362. Let m(b) = -b**3 + 2*b**2 - 2*b + 2. What is m(n)?
-13
Let v(w) = w. Let u(q) = -7*q + 4. Let j(x) = -u(x) - 6*v(x). Let n = -3 - -5. Let h be 13/4 + n/(-8). Determine j(h).
-1
Suppose -31 - 65 = -4*a. Suppose -9*m + 5*m + a = 0. Suppose 6 + m = 3*r. Let l(n) = -n**2 + 3*n + 4. What is l(r)?
0
Let y(u) = u**3 - 3*u**2 + 3*u. Let x be (-6)/(-36) + (-161)/(-42). Calculate y(x).
28
Let m(t) = 2*t + t - 4*t - 6*t**3 - 4*t**3. Let r(l) be the first derivative of l**2/2 - 10*l - 8. Let s be r(9). Calculate m(s).
11
Suppose -8 = -3*z + 4. Suppose 0 = -0*b - 10*b + 30. Suppose -z*f = -3*f + b*k + 5, -f + 5*k + 27 = 0. Let r(x) = -x + 10. Give r(f).
3
Let i = -1 + 6. Let u(j) = -3*j**3 - 10*j**2 + 6*j - 3. Let o(a) = -7*a**3 - 21*a**2 + 12*a - 7. Let b(k) = -4*o(k) + 9*u(k). Determine b(i).
6
Let w = -13 - -21. Suppose q - 5*u + 7 = 0, 0 = -4*q + 2*u - 0 + w. Let m(y) = 17*y**3 + 7 + 16*y**q - 32*y**3 + 6*y**2 + 2*y. Give m(-6).
-5
Let p(l) be the first derivative of -6 - 7/24*l**4 + 0*l + 0*l**3 + 3/2*l**2 + 1/60*l**5. Let f(i) be the second derivative of p(i). Determine f(6).
-6
Let j(n) = n**2 - 20*n + 54. Let i be j(17). Let k(x) = i*x - 1 + 3 - 3*x + 3*x. Calculate k(4).
14
Let w(d) = -3*d - 7. Suppose 24 = -6*g + 2*g - 3*z, -2*g + 2*z = -2. What is w(g)?
2
Let v(c) = -c**3 - 27*c**2 + 12*c - 1339. Let x be v(-29). Let w be 2 - 0*(-2)/(-2). Let q(i) = 2*i + i - w*i + 8. Calculate q(x).
3
Let k(n) = n**2 + 4*n - 4. Let d(r) = -16*r + 43. Let c be d(3). Let b(u) = -u - 8. Let v be b(c). Determine k(v).
-7
Suppose 7*j + 15*j = -264. Let n(d) = -8*